{"id":90,"date":"2023-12-09T17:15:35","date_gmt":"2023-12-09T17:15:35","guid":{"rendered":"https:\/\/aeliteco-ci.com\/2023\/?page_id=90"},"modified":"2023-12-14T21:21:41","modified_gmt":"2023-12-14T21:21:41","slug":"equipe","status":"publish","type":"page","link":"https:\/\/aeliteco-ci.com\/2023\/equipe\/","title":{"rendered":"\u00c9quipe dynamique d&#8217;ing\u00e9nieurs exp\u00e9riment\u00e9s"},"content":{"rendered":"<div class=\"tmm tmm_aelite\"><div class=\"tmm_3_columns tmm_wrap tmm_plugin_f\"><span class=\"tmm_two_containers_tablet\"><\/span><div class=\"tmm_container\"><div class=\"tmm_member\" style=\"border-top:#dd3333 solid 5px;\"><div class=\"tmm_photo tmm_pic_aelite_0\" style=\"background: url(https:\/\/aeliteco-ci.com\/2023\/wp-content\/uploads\/2023\/12\/unnamed-1.jpg); margin-left: auto; margin-right:auto; background-size:cover !important;\"><\/div><div class=\"tmm_textblock\"><div class=\"tmm_names\"><span class=\"tmm_fname\">M. AUGUSTIN<\/span> <span class=\"tmm_lname\"> AMICHIA <\/span><\/div><div class=\"tmm_job\">Directeur General<\/div><div class=\"tmm_scblock\"><\/div><\/div><\/div><div class=\"tmm_member\" style=\"border-top:#dd3333 solid 5px;\"><div class=\"tmm_photo tmm_pic_aelite_1\" style=\"background: url(https:\/\/aeliteco-ci.com\/2023\/wp-content\/uploads\/2023\/12\/WhatsApp-Image-2023-09-15-at-19.29.11.jpeg); margin-left: auto; margin-right:auto; background-size:cover !important;\"><\/div><div class=\"tmm_textblock\"><div class=\"tmm_names\"><span class=\"tmm_fname\">Mme TIZIE <\/span> <\/div><div class=\"tmm_job\">Responsable administratif et des ressources humaines<\/div><div class=\"tmm_scblock\"><\/div><\/div><\/div><span class=\"tmm_two_containers_tablet\"><\/span><div class=\"tmm_member\" style=\"border-top:#dd3333 solid 5px;\"><div class=\"tmm_photo tmm_pic_aelite_2\" style=\"background: url(https:\/\/aeliteco-ci.com\/2023\/wp-content\/uploads\/2023\/12\/1517402225777.jpg); margin-left: auto; margin-right:auto; background-size:cover !important;\"><\/div><div class=\"tmm_textblock\"><div class=\"tmm_names\"><span class=\"tmm_fname\">M. AKA <\/span> <span class=\"tmm_lname\">JOACHIM <\/span><\/div><div class=\"tmm_job\">Responsable technico -commercial, bureau d\u2019\u00e9tude et m\u00e9tr\u00e9<\/div><div class=\"tmm_scblock\"><\/div><\/div><\/div><\/div><span class=\"tmm_columns_containers_desktop\"><\/span><div class=\"tmm_container\"><div class=\"tmm_member\" style=\"border-top:#dd3333 solid 5px;\"><div class=\"tmm_photo tmm_pic_aelite_3\" style=\"background: url(https:\/\/aeliteco-ci.com\/2023\/wp-content\/uploads\/2023\/12\/WhatsApp-Image-2023-09-15-at-18.01.20.jpg); margin-left: auto; margin-right:auto; background-size:cover !important;\"><\/div><div class=\"tmm_textblock\"><div class=\"tmm_names\"><span class=\"tmm_fname\">M. KOFFI <\/span> <span class=\"tmm_lname\">MAXIME<\/span><\/div><div class=\"tmm_job\"> Responsable Travaux<\/div><div class=\"tmm_scblock\"><\/div><\/div><\/div><span class=\"tmm_two_containers_tablet\"><\/span><div class=\"tmm_member\" style=\"border-top:#dd3333 solid 5px;\"><div class=\"tmm_photo tmm_pic_aelite_4\" style=\"background: url(https:\/\/aeliteco-ci.com\/2023\/wp-content\/uploads\/2023\/12\/WhatsApp-Image-2023-09-15-at-17.57.48.jpg); margin-left: auto; margin-right:auto; background-size:cover !important;\"><\/div><div class=\"tmm_textblock\"><div class=\"tmm_names\"><span class=\"tmm_fname\">YEOU<\/span> <span class=\"tmm_lname\">KAREL<\/span><\/div><div class=\"tmm_job\">Responsable Achat<\/div><div class=\"tmm_scblock\"><\/div><\/div><\/div><div class=\"tmm_member\" style=\"border-top:#dd3333 solid 5px;\"><div class=\"tmm_photo tmm_pic_aelite_5\" style=\"background: url(https:\/\/aeliteco-ci.com\/2023\/wp-content\/uploads\/2023\/12\/WhatsApp-Image-2023-08-30-at-19.17.58.jpg); margin-left: auto; margin-right:auto; background-size:cover !important;\"><\/div><div class=\"tmm_textblock\"><div class=\"tmm_names\"><span class=\"tmm_fname\">Patrick<\/span> <span class=\"tmm_lname\">Kouame<\/span><\/div><div class=\"tmm_job\">Responsable Commercial et Communication<\/div><div class=\"tmm_scblock\"><\/div><\/div><\/div><div style=\"clear:both;\"><\/div><\/div><\/div><\/div>\n\n\n\n<p><\/p>\n\n\n\n<p><\/p>\n\n\n\n<p><\/p>\n\n\n\n<p><\/p>\n\n\n\n<p><\/p>\n","protected":false},"excerpt":{"rendered":"","protected":false},"author":1,"featured_media":0,"parent":0,"menu_order":0,"comment_status":"closed","ping_status":"closed","template":"","meta":{"footnotes":""},"_links":{"self":[{"href":"https:\/\/aeliteco-ci.com\/2023\/wp-json\/wp\/v2\/pages\/90"}],"collection":[{"href":"https:\/\/aeliteco-ci.com\/2023\/wp-json\/wp\/v2\/pages"}],"about":[{"href":"https:\/\/aeliteco-ci.com\/2023\/wp-json\/wp\/v2\/types\/page"}],"author":[{"embeddable":true,"href":"https:\/\/aeliteco-ci.com\/2023\/wp-json\/wp\/v2\/users\/1"}],"replies":[{"embeddable":true,"href":"https:\/\/aeliteco-ci.com\/2023\/wp-json\/wp\/v2\/comments?post=90"}],"version-history":[{"count":16,"href":"https:\/\/aeliteco-ci.com\/2023\/wp-json\/wp\/v2\/pages\/90\/revisions"}],"predecessor-version":[{"id":506,"href":"https:\/\/aeliteco-ci.com\/2023\/wp-json\/wp\/v2\/pages\/90\/revisions\/506"}],"wp:attachment":[{"href":"https:\/\/aeliteco-ci.com\/2023\/wp-json\/wp\/v2\/media?parent=90"}],"curies":[{"name":"wp","href":"https:\/\/api.w.org\/{rel}","templated":true}]}}